{"id":905,"date":"2017-04-21T23:07:25","date_gmt":"2017-04-21T23:07:25","guid":{"rendered":"http:\/\/www.revistauniad.com\/?page_id=905"},"modified":"2017-04-21T23:07:33","modified_gmt":"2017-04-21T23:07:33","slug":"perfil-sociodemografico-padrao-de-consumo-e-prevalencia-de-ansiedade-e-depressao-de-dependentes-quimicos-no-hospital-cantareira-em-sao-paulo","status":"publish","type":"page","link":"https:\/\/revistauniad.uniad.org.br\/?page_id=905","title":{"rendered":"Perfil Sociodemogr\u00e1fico, Padr\u00e3o de Consumo e Preval\u00eancia de Ansiedade e Depress\u00e3o de Dependentes Qu\u00edmicos no Hospital Cantareira em S\u00e3o Paulo"},"content":{"rendered":"<p><strong>Perfil Sociodemogr\u00e1fico, Padr\u00e3o de Consumo e Preval\u00eancia de Ansiedade e Depress\u00e3o <\/strong><strong>de Dependentes Qu\u00edmicos no Hospital Cantareira em S\u00e3o Paulo.<\/strong><\/p>\n<p><strong>\u00a0Autora:<\/strong> Luciana de Souza Padua<\/p>\n<p><strong>Orienta\u00e7\u00e3o:<\/strong> Clarice Sandi Madruga, PhD<\/p>\n<p><strong>Coordena\u00e7\u00e3o do Curso: <\/strong>Marcelo Ribeiro, PhD<\/p>\n<p>Universidade Federal de S\u00e3o Paulo (UNIFESP)<\/p>\n<p>Unidade de Pesquisa em \u00c1lcool e Drogas (UNIAD)<\/p>\n<p>Curso de Especializa\u00e7\u00e3o em Depend\u00eancia Qu\u00edmica UNIAD<\/p>\n<p>S\u00e3o Paulo, SP &#8211; Brasil<\/p>\n<p>Contato: lucpadua@gmail.com<\/p>\n<p>&nbsp;<\/p>\n<p><strong>RESUMO<\/strong><\/p>\n<p><strong>\u00a0<\/strong><\/p>\n<p><strong>Objetivos <\/strong>&#8211; O presente estudo objetivou caracterizar o perfil sociodemogr\u00e1fico, o hist\u00f3rico de consumo de subst\u00e2ncias psicoativas e rastrear indicadores de ansiedade e depress\u00e3o dos pacientes em tratamento no Hospital Cantareira em S\u00e3o Paulo, Capital.<\/p>\n<p><strong>M\u00e9todo &#8211;<\/strong> A popula\u00e7\u00e3o deste estudo constituiu-se por 26 pacientes com mais de 18 anos, de ambos os sexos. Trata-se de um estudo transversal, quantitativo e descritivo realizado no per\u00edodo de fevereiro a abril de 2015. Utilizou-se um question\u00e1rio padronizado sobre o perfil sociodemogr\u00e1fico e contendo dados sobre o consumo de subst\u00e2ncias psicoativas e a Escala HADS <em>\u201cHospital Anxiety and Depression Scale\u201d. <\/em><\/p>\n<p><strong>Resultados &#8211; <\/strong>A idade m\u00e9dia encontrada foi de 31,85 anos, a maioria do sexo masculino (80,77%), solteiros (63,38%), 34,62% tinham ensino superior completo, 57,69% trabalhavam, 34,62% renda entre 1 a 2 sal\u00e1rios m\u00ednimos, com apoio familiar (96,15%) e 76,92% moravam com a fam\u00edlia, procuraram ajuda por uso\/abuso de coca\u00edna 30,77% iniciaram o consumo de subst\u00e2ncias com idade entre 12 a 15 anos, sendo 53,85% com \u00e1lcool e 53,85% maconha. Atualmente 65,38% n\u00e3o fazem uso regular de maconha. Observou-se que 53,85% apresentaram sintomas de ansiedade e 23,08% sintomas de depress\u00e3o.<\/p>\n<p><strong>Conclus\u00e3o<\/strong> \u2013 O in\u00edcio de uso de subst\u00e2ncias se deu com o consumo de \u00e1lcool e maconha precocemente levando \u00e0 consequ\u00eancias em v\u00e1rias \u00e1reas da vida do sujeito e \u00e0 presen\u00e7a de comorbidades. \u00c9 importante que ocorram estudos sobre este tema para que estrat\u00e9gias de interven\u00e7\u00e3o possam ser desenvolvidas.<\/p>\n<p>&nbsp;<\/p>\n<p><strong>Palavras-Chave:<\/strong> Depend\u00eancia qu\u00edmica; Comorbidades psiqui\u00e1tricas; Transtornos relacionados ao uso de subst\u00e2ncias, Tratamento, Ansiedade, Depress\u00e3o, S\u00e3o Paulo<\/p>\n<p><a href=\"http:\/\/revistauniad.uniad.org.br\/wp-content\/uploads\/2017\/04\/Padua.pdf\" rel=\"\">Acesse o artigo na \u00edntegra aqui<\/a><\/p>\n","protected":false},"excerpt":{"rendered":"<p>Perfil Sociodemogr\u00e1fico, Padr\u00e3o de Consumo e Preval\u00eancia de Ansiedade e Depress\u00e3o de Dependentes Qu\u00edmicos no Hospital Cantareira em S\u00e3o Paulo. \u00a0Autora: Luciana de Souza Padua Orienta\u00e7\u00e3o: Clarice Sandi Madruga, PhD Coordena\u00e7\u00e3o do Curso: Marcelo Ribeiro, PhD Universidade Federal de S\u00e3o &hellip; <a href=\"https:\/\/revistauniad.uniad.org.br\/?page_id=905\">Continue reading <span class=\"meta-nav\">&rarr;<\/span><\/a><\/p>\n","protected":false},"author":1,"featured_media":0,"parent":0,"menu_order":0,"comment_status":"closed","ping_status":"closed","template":"","meta":[],"_links":{"self":[{"href":"https:\/\/revistauniad.uniad.org.br\/index.php?rest_route=\/wp\/v2\/pages\/905"}],"collection":[{"href":"https:\/\/revistauniad.uniad.org.br\/index.php?rest_route=\/wp\/v2\/pages"}],"about":[{"href":"https:\/\/revistauniad.uniad.org.br\/index.php?rest_route=\/wp\/v2\/types\/page"}],"author":[{"embeddable":true,"href":"https:\/\/revistauniad.uniad.org.br\/index.php?rest_route=\/wp\/v2\/users\/1"}],"replies":[{"embeddable":true,"href":"https:\/\/revistauniad.uniad.org.br\/index.php?rest_route=%2Fwp%2Fv2%2Fcomments&post=905"}],"version-history":[{"count":2,"href":"https:\/\/revistauniad.uniad.org.br\/index.php?rest_route=\/wp\/v2\/pages\/905\/revisions"}],"predecessor-version":[{"id":908,"href":"https:\/\/revistauniad.uniad.org.br\/index.php?rest_route=\/wp\/v2\/pages\/905\/revisions\/908"}],"wp:attachment":[{"href":"https:\/\/revistauniad.uniad.org.br\/index.php?rest_route=%2Fwp%2Fv2%2Fmedia&parent=905"}],"curies":[{"name":"wp","href":"https:\/\/api.w.org\/{rel}","templated":true}]}}