{"id":863,"date":"2017-04-21T22:37:04","date_gmt":"2017-04-21T22:37:04","guid":{"rendered":"http:\/\/www.revistauniad.com\/?page_id=863"},"modified":"2017-04-21T22:37:04","modified_gmt":"2017-04-21T22:37:04","slug":"o-perfil-sociodemografico-do-caps-ad-de-cubatao-a-percepcao-subjetiva-da-motivacao-pela-busca-do-tratamento-e-o-impacto-do-consumo-percebido","status":"publish","type":"page","link":"https:\/\/revistauniad.uniad.org.br\/?page_id=863","title":{"rendered":"O Perfil Sociodemogr\u00e1fico do CAPS ad de Cubat\u00e3o. A Percep\u00e7\u00e3o Subjetiva da Motiva\u00e7\u00e3o pela Busca do Tratamento e o Impacto do Consumo Percebido"},"content":{"rendered":"<p><strong>O Perfil Sociodemogr\u00e1fico do CAPS ad de Cubat\u00e3o.A Percep\u00e7\u00e3o Subjetiva da Motiva\u00e7\u00e3o pela Busca do Tratamento e o Impacto do Consumo Percebido.<\/strong><br \/>\n<strong>Autores: Edjane Viana De Souza, Marlei Ferreira Andrade e Mauro Ramos<\/strong><br \/>\nCoordenador do curso: Marcelo Ribeiro de Ara\u00fajo,PhD Orientador: Clarice Sandi Madruga, PhD<br \/>\nUniversidade Federal de S\u00e3o Paulo (UNIFESP)<br \/>\nUnidade de Pesquisa em \u00c1lcool e Drogas (UNIAD)<br \/>\nCurso de Especializa\u00e7\u00e3o em Depend\u00eancia Qu\u00edmica UNIAD S\u00e3o Paulo, SP \u2013 Brasil<br \/>\nContato:<br \/>\nedjane.viana@hotmail.com<br \/>\nmarlei-andrade@hotmail.com<br \/>\nmauroramosto@gmail.com<br \/>\nResumo<br \/>\nIntrodu\u00e7\u00e3o: \u00c9 not\u00f3rio o aumento das quest\u00f5es de sa\u00fade p\u00fablica em raz\u00e3o do abuso do consumo das drogas, acarretando um conjunto de preju\u00edzos sociais que possivelmente influenciam na busca ao tratamento.<br \/>\nObjetivo: Identificar a percep\u00e7\u00e3o dos pacientes dos CAPS ad do munic\u00edpio de Cubat\u00e3o quanto \u00e0 motiva\u00e7\u00e3o pela busca do tratamento e as consequ\u00eancias do seu consumo.<br \/>\nM\u00e9todos: A amostra composta por pacientes do mencionado servi\u00e7o, que participaram de 2 grupos de acolhimento e 1 grupo de preven\u00e7\u00e3o \u00e0 reca\u00edda, perfazendo um total de 41 participantes. Cada entrevistado respondeu a um question\u00e1rio padronizado.<br \/>\nResultado: Conforme an\u00e1lise dos entrevistados delinearam-se dois grupos. Aqueles que n\u00e3o perceberam o consumo impactando no comportamento (NCIC) e o grupo que percebeu o impacto do consumo (CIC).<br \/>\nConclus\u00e3o: Embora o estudo tenha a amostra limitada, a hip\u00f3tese \u00e9 que os indiv\u00edduos n\u00e3o impactados pelo consumo tiveram seus impactos negativos minimizados pela rede familiar dispon\u00edvel. Aqueles expostos a viol\u00eancia urbana apresentam maior impacto de consumo no comportamento e consequente atos.<\/p>\n<p>Palavras-chaves: Depend\u00eancia Qu\u00edmica, Pol\u00edticas P\u00fablicas, Tratamento, Motiva\u00e7\u00e3o, Percep\u00e7\u00e3o.<\/p>\n<p>&nbsp;<\/p>\n<p><a href=\"http:\/\/revistauniad.uniad.org.br\/wp-content\/uploads\/2017\/04\/Souza.pdf\" rel=\"\">Acesse o artigo na \u00edntegra aqui<\/a><\/p>\n","protected":false},"excerpt":{"rendered":"<p>O Perfil Sociodemogr\u00e1fico do CAPS ad de Cubat\u00e3o.A Percep\u00e7\u00e3o Subjetiva da Motiva\u00e7\u00e3o pela Busca do Tratamento e o Impacto do Consumo Percebido. Autores: Edjane Viana De Souza, Marlei Ferreira Andrade e Mauro Ramos Coordenador do curso: Marcelo Ribeiro de Ara\u00fajo,PhD &hellip; <a href=\"https:\/\/revistauniad.uniad.org.br\/?page_id=863\">Continue reading <span class=\"meta-nav\">&rarr;<\/span><\/a><\/p>\n","protected":false},"author":1,"featured_media":0,"parent":0,"menu_order":0,"comment_status":"closed","ping_status":"closed","template":"","meta":[],"_links":{"self":[{"href":"https:\/\/revistauniad.uniad.org.br\/index.php?rest_route=\/wp\/v2\/pages\/863"}],"collection":[{"href":"https:\/\/revistauniad.uniad.org.br\/index.php?rest_route=\/wp\/v2\/pages"}],"about":[{"href":"https:\/\/revistauniad.uniad.org.br\/index.php?rest_route=\/wp\/v2\/types\/page"}],"author":[{"embeddable":true,"href":"https:\/\/revistauniad.uniad.org.br\/index.php?rest_route=\/wp\/v2\/users\/1"}],"replies":[{"embeddable":true,"href":"https:\/\/revistauniad.uniad.org.br\/index.php?rest_route=%2Fwp%2Fv2%2Fcomments&post=863"}],"version-history":[{"count":2,"href":"https:\/\/revistauniad.uniad.org.br\/index.php?rest_route=\/wp\/v2\/pages\/863\/revisions"}],"predecessor-version":[{"id":866,"href":"https:\/\/revistauniad.uniad.org.br\/index.php?rest_route=\/wp\/v2\/pages\/863\/revisions\/866"}],"wp:attachment":[{"href":"https:\/\/revistauniad.uniad.org.br\/index.php?rest_route=%2Fwp%2Fv2%2Fmedia&parent=863"}],"curies":[{"name":"wp","href":"https:\/\/api.w.org\/{rel}","templated":true}]}}