{"id":849,"date":"2017-04-21T22:25:19","date_gmt":"2017-04-21T22:25:19","guid":{"rendered":"http:\/\/www.revistauniad.com\/?page_id=849"},"modified":"2017-04-21T22:29:39","modified_gmt":"2017-04-21T22:29:39","slug":"o-perfil-sociodemografico-historico-do-uso-de-substancias-e-de-tratamento-e-a-indicacao-de-ansiedade-e-depressao-dos-pacientes-em-tratamento-no-grupo-de-alcool-e-drogas-do-ambulatorio-medico-de-espe","status":"publish","type":"page","link":"https:\/\/revistauniad.uniad.org.br\/?page_id=849","title":{"rendered":"O perfil sociodemogr\u00e1fico, hist\u00f3rico do uso de subst\u00e2ncias e de tratamento, e a indica\u00e7\u00e3o de ansiedade e depress\u00e3o dos pacientes em tratamento no grupo de \u00e1lcool e drogas do ambulat\u00f3rio m\u00e9dico de especialidades psiqui\u00e1tricas Dra. Jandira Masur."},"content":{"rendered":"<p><strong>O perfil sociodemogr\u00e1fico, hist\u00f3rico do uso de subst\u00e2ncias e de tratamento, e a indica\u00e7\u00e3o de ansiedade e depress\u00e3o dos pacientes em tratamento no grupo de \u00e1lcool e drogas do ambulat\u00f3rio m\u00e9dico de especialidades psiqui\u00e1tricas Dra. Jandira Masur.<\/strong><\/p>\n<p><strong>\u00a0<\/strong><\/p>\n<p><strong>Autores: <\/strong>Renato Ferreira das Neves, Fabiana Ferreira Maia, Mateus Monteiro Latorre<\/p>\n<p><strong>Orienta\u00e7\u00e3o:<\/strong> Clarice S. Madruga, PhD<\/p>\n<p><strong>Coordena\u00e7\u00e3o do Curso:<\/strong> Marcelo Ribeiro, PhD<\/p>\n<p><strong>Universidade Federal de S\u00e3o Paulo (UNIFESP)<\/strong><\/p>\n<p><strong>Unidade de Pesquisa em \u00c1lcool e Drogas (UNIAD)<\/strong><\/p>\n<p><strong>Curso de Especializa\u00e7\u00e3o em Depend\u00eancia Qu\u00edmica UNIAD<\/strong><\/p>\n<p><strong>S\u00e3o Paulo \/ SP \u2013 Brasil<\/strong><\/p>\n<p><strong>Contato:<\/strong> <a href=\"mailto:renato.enfpq@yahoo.com.br\">renato.enfpq@yahoo.com.br<\/a><\/p>\n<p><strong>\u00a0Resumo<\/strong><\/p>\n<p><strong>Objetivo:<\/strong> Conhecer o perfil sociodemogr\u00e1fico, o hist\u00f3rico do uso de subst\u00e2ncias e de tratamento e se h\u00e1 indica\u00e7\u00e3o de ansiedade e depress\u00e3o dos pacientes em tratamento no grupo de \u00c1lcool e Drogas do AME Psiquiatria Dra. Jandira Masur. <strong>M\u00e9todo: <\/strong>Foi realizado um estudo observacional transversal quantitativo e descritivo com 32 pessoas, entre o per\u00edodo de 17 de maio de 2016 at\u00e9 30 de junho de 2016. O question\u00e1rio usado na pesquisa consistiu em perguntas de m\u00faltipla escolha de f\u00e1cil entendimento. <strong>Resultado:<\/strong> Os pacientes eram em sua maioria do sexo masculino, solteiros e com idade m\u00e9dia de 38 anos. As subst\u00e2ncias mais consumidas \u201cna vida\u201d e a m\u00e9dia de idade em que houve o primeiro contato foram: o \u00e1lcool aos 16 anos (100%), a maconha aos 18 anos (78%), o tabaco aos 15 anos (69%) e a coca\u00edna aos 18 anos (63%). As subst\u00e2ncias que continuam sendo consumidas no \u201c\u00faltimo ano\u201d s\u00e3o: o \u00e1lcool com 97%, em seguida o tabaco com 56%, a coca\u00edna com 47% e a maconha com 41%. Os participantes procuram tratamento mais especificamente para cessar o consumo de \u00e1lcool e coca\u00edna, sendo que a maioria nunca fez tratamento no AME Psiquiatria. Mais da metade da amostra apresenta indica\u00e7\u00e3o de algum grau de ansiedade e menos da metade algum grau de depress\u00e3o segundo a escala (HADS). <strong>Conclus\u00e3o: <\/strong>conclui-se que o alto risco dessa popula\u00e7\u00e3o em apresentar sofrimento ps\u00edquico em seus variados graus torna-se muito prov\u00e1vel, principalmente devido aos sintomas de ansiedade e depress\u00e3o, alertando para a possibilidade de comorbidades psiqui\u00e1tricas prim\u00e1rias e\/ou secund\u00e1rias ao diagn\u00f3stico de depend\u00eancia qu\u00edmica.<\/p>\n<p><strong>Palavras-chave: <\/strong>AME; Psiquiatria; HADS; Ansiedade; Depress\u00e3o; Subst\u00e2ncias Psicoativas.<\/p>\n<p>&nbsp;<\/p>\n<p>&nbsp;<\/p>\n","protected":false},"excerpt":{"rendered":"<p>O perfil sociodemogr\u00e1fico, hist\u00f3rico do uso de subst\u00e2ncias e de tratamento, e a indica\u00e7\u00e3o de ansiedade e depress\u00e3o dos pacientes em tratamento no grupo de \u00e1lcool e drogas do ambulat\u00f3rio m\u00e9dico de especialidades psiqui\u00e1tricas Dra. Jandira Masur. \u00a0 Autores: Renato &hellip; <a href=\"https:\/\/revistauniad.uniad.org.br\/?page_id=849\">Continue reading <span class=\"meta-nav\">&rarr;<\/span><\/a><\/p>\n","protected":false},"author":1,"featured_media":0,"parent":0,"menu_order":0,"comment_status":"closed","ping_status":"closed","template":"","meta":[],"_links":{"self":[{"href":"https:\/\/revistauniad.uniad.org.br\/index.php?rest_route=\/wp\/v2\/pages\/849"}],"collection":[{"href":"https:\/\/revistauniad.uniad.org.br\/index.php?rest_route=\/wp\/v2\/pages"}],"about":[{"href":"https:\/\/revistauniad.uniad.org.br\/index.php?rest_route=\/wp\/v2\/types\/page"}],"author":[{"embeddable":true,"href":"https:\/\/revistauniad.uniad.org.br\/index.php?rest_route=\/wp\/v2\/users\/1"}],"replies":[{"embeddable":true,"href":"https:\/\/revistauniad.uniad.org.br\/index.php?rest_route=%2Fwp%2Fv2%2Fcomments&post=849"}],"version-history":[{"count":4,"href":"https:\/\/revistauniad.uniad.org.br\/index.php?rest_route=\/wp\/v2\/pages\/849\/revisions"}],"predecessor-version":[{"id":855,"href":"https:\/\/revistauniad.uniad.org.br\/index.php?rest_route=\/wp\/v2\/pages\/849\/revisions\/855"}],"wp:attachment":[{"href":"https:\/\/revistauniad.uniad.org.br\/index.php?rest_route=%2Fwp%2Fv2%2Fmedia&parent=849"}],"curies":[{"name":"wp","href":"https:\/\/api.w.org\/{rel}","templated":true}]}}