{"id":366,"date":"2015-12-12T17:43:57","date_gmt":"2015-12-12T17:43:57","guid":{"rendered":"http:\/\/www.revistauniad.com\/?page_id=366"},"modified":"2016-03-23T16:57:36","modified_gmt":"2016-03-23T16:57:36","slug":"depressao-e-a-ansiedade-nos-membros-de-narcoticos-anonimos-no-centro-da-capital-de-sao-paulo","status":"publish","type":"page","link":"https:\/\/revistauniad.uniad.org.br\/?page_id=366","title":{"rendered":"Depress\u00e3o e Ansiedade entre Membros de Grupos de Narc\u00f3ticos An\u00f4nimos no Centro da Capital de S\u00e3o Paulo"},"content":{"rendered":"<p style=\"font-size: 14px;\"><strong>Autor: Myriam Baraldi e Marcelo Ardila<\/strong><\/p>\n<h2>Resumo<\/h2>\n<div style=\"height: 980px; font-size: 16px;\">\n<p style=\"font-size: 16px;\">A presente pesquisa busca levantar dados sobre o perfil sociodemogr\u00e1fico, bem como indicadores de depress\u00e3o e ansiedade em membros de Narc\u00f3ticos An\u00f4nimos na cidade de S\u00e3o Paulo.<\/p>\n<p style=\"font-size: 16px;\">Foi utilizada uma amostra de 43 indiv\u00edduos, homens e mulheres, entrevistados em tr\u00eas diferentes grupos de NA no Centro da Capital de S\u00e3o Paulo. Foi aplicado um question\u00e1rio padronizado para a investiga\u00e7\u00e3o de caracter\u00edsticas sociodemogr\u00e1ficas e hist\u00f3rico de uso de subst\u00e2ncias. A Escala HADS (Hospital Anxiety and Depression Scale) tamb\u00e9m foi utilizada para o rastreamento de indicadores de ansiedade e depress\u00e3o.<\/p>\n<p style=\"font-size: 16px;\">Os resultados apontaram que a maioria (77%) dos participantes eram homens, solteiros com idade m\u00e9dia total de 35 anos. A maior parte tinha segundo grau completo e sustento pr\u00f3prio e moravam com a fam\u00edlia. Quase metade da amostra relatou j\u00e1 ter tido problemas na Justi\u00e7a. A idade m\u00e9dia de in\u00edcio do consumo de \u00e1lcool foi de 11 anos; 14 anos para maconha; 17 anos para coca\u00edna e crack aos 20 anos.<\/p>\n<p style=\"font-size: 16px;\">Entre os entrevistados quase um ter\u00e7o apresentou indica\u00e7\u00e3o para algum n\u00edvel de transtorno depressivo (39.5%) e a maioria (72.1%) apresentou indica\u00e7\u00e3o para ansiedade. Conclui-se que a identifica\u00e7\u00e3o de comorbidades no tratamento da depend\u00eancia qu\u00edmica \u00e9 importante para guiar a elabora\u00e7\u00e3o de estrat\u00e9gias de preven\u00e7\u00e3o \u00e0 reca\u00edda.<\/p>\n<p>Palavras-chave: depend\u00eancia, qu\u00edmica; ansiedade; depress\u00e3o; HADS.<\/p>\n<p><a href=\"http:\/\/revistauniad.uniad.org.br\/wp-content\/uploads\/2015\/12\/4.pdf\" target=\"_blank\">Leia o artigo na \u00edntegra<\/a><\/p>\n<p><a href=\"[Download n\u00e3o encontrado.]\" target=\"_blank\"><img loading=\"lazy\" class=\"alignnone size-full wp-image-14\" src=\"http:\/\/revistauniad.uniad.org.br\/wp-content\/uploads\/2015\/11\/btn-download-pdf1.jpg\" alt=\"btn-download-pdf\" width=\"121\" height=\"36\" \/><\/a><\/p>\n<\/div>\n","protected":false},"excerpt":{"rendered":"<p>Autor: Myriam Baraldi e Marcelo Ardila Resumo A presente pesquisa busca levantar dados sobre o perfil sociodemogr\u00e1fico, bem como indicadores de depress\u00e3o e ansiedade em membros de Narc\u00f3ticos An\u00f4nimos na cidade de S\u00e3o Paulo. Foi utilizada uma amostra de 43 &hellip; <a href=\"https:\/\/revistauniad.uniad.org.br\/?page_id=366\">Continue reading <span class=\"meta-nav\">&rarr;<\/span><\/a><\/p>\n","protected":false},"author":1,"featured_media":0,"parent":0,"menu_order":0,"comment_status":"closed","ping_status":"closed","template":"","meta":[],"_links":{"self":[{"href":"https:\/\/revistauniad.uniad.org.br\/index.php?rest_route=\/wp\/v2\/pages\/366"}],"collection":[{"href":"https:\/\/revistauniad.uniad.org.br\/index.php?rest_route=\/wp\/v2\/pages"}],"about":[{"href":"https:\/\/revistauniad.uniad.org.br\/index.php?rest_route=\/wp\/v2\/types\/page"}],"author":[{"embeddable":true,"href":"https:\/\/revistauniad.uniad.org.br\/index.php?rest_route=\/wp\/v2\/users\/1"}],"replies":[{"embeddable":true,"href":"https:\/\/revistauniad.uniad.org.br\/index.php?rest_route=%2Fwp%2Fv2%2Fcomments&post=366"}],"version-history":[{"count":12,"href":"https:\/\/revistauniad.uniad.org.br\/index.php?rest_route=\/wp\/v2\/pages\/366\/revisions"}],"predecessor-version":[{"id":766,"href":"https:\/\/revistauniad.uniad.org.br\/index.php?rest_route=\/wp\/v2\/pages\/366\/revisions\/766"}],"wp:attachment":[{"href":"https:\/\/revistauniad.uniad.org.br\/index.php?rest_route=%2Fwp%2Fv2%2Fmedia&parent=366"}],"curies":[{"name":"wp","href":"https:\/\/api.w.org\/{rel}","templated":true}]}}