{"id":285,"date":"2015-12-12T11:11:40","date_gmt":"2015-12-12T11:11:40","guid":{"rendered":"http:\/\/www.revistauniad.com\/?page_id=285"},"modified":"2016-03-23T17:40:22","modified_gmt":"2016-03-23T17:40:22","slug":"a-prevalencia-de-ansiedade-e-depressao-nos-individuos-que-buscaram-tratamento-no-grupo-de-apoio-ao-dependente-quimico-do-grupamento-de-infraestrutura-e-apoio-de-sao-jose-dos-campos-sp","status":"publish","type":"page","link":"https:\/\/revistauniad.uniad.org.br\/?page_id=285","title":{"rendered":"A preval\u00eancia de ansiedade e depress\u00e3o nos indiv\u00edduos que buscaram tratamento no grupo de apoio ao dependente qu\u00edmico do grupamento de infraestrutura e apoio de S\u00e3o Jos\u00e9 dos Campos \u2013 SP"},"content":{"rendered":"<p style=\"font-size: 14px;\"><strong>Autor: Evelyn Carneiro<\/strong><\/p>\n<h2>Resumo<\/h2>\n<div style=\"height: 880px; font-size: 16px;\">\n<p style=\"font-size: 16px;\">Este estudo, do tipo observacional-transversal quantitativo, teve por objetivo descrever o perfil sociodemogr\u00e1fico, bem como investigar a preval\u00eancia de ansiedade e depress\u00e3o dos indiv\u00edduos que buscaram tratamento no Grupo de Apoio ao Dependente Qu\u00edmico, do Grupamento de Infraestrutura e Apoio de S\u00e3o Jos\u00e9 dos Campos-SP, entre os meses de janeiro e mar\u00e7o de 2015. Entre os 12 sujeitos homens entrevistados, 10 s\u00e3o servidores p\u00fablicos civis da Uni\u00e3o e 2 s\u00e3o militares da For\u00e7a A\u00e9rea Brasileira.<\/p>\n<p style=\"font-size: 16px;\">A m\u00e9dia de idade dos pacientes em tratamento, no grupo de apoio, foi de 50 \u00b1 6,11 anos (m\u00e9dia \u00b1 DP), sendo 35 a m\u00ednima e 56 a m\u00e1xima. Quanto ao tipo de droga pela qual o sujeito procurou tratamento, foi poss\u00edvel perceber que, em sua maioria, o \u00e1lcool foi a subst\u00e2ncia preponderante na procura por ajuda: 11 sujeitos (92%); e apenas 1 (8%) procurou tratamento pela depend\u00eancia de coca\u00edna e \u00e1lcool.<\/p>\n<p style=\"font-size: 16px;\">Em rela\u00e7\u00e3o \u00e0 preval\u00eancia de comorbidades psiqui\u00e1tricas, foi observado que 8 sujeitos (67%) possuem indica\u00e7\u00e3o de ansiedade e 7 sujeitos (58%) possuem indica\u00e7\u00e3o de depress\u00e3o. Este estudo mostrou que a maioria dos sujeitos dependentes qu\u00edmicos, em tratamento no grupo de apoio, possui indica\u00e7\u00e3o para transtorno de ansiedade e depress\u00e3o, bem como tamb\u00e9m apontou para a import\u00e2ncia da implanta\u00e7\u00e3o de programas de tratamento \u00e0 depend\u00eancia qu\u00edmica no local de trabalho.<\/p>\n<p>Palavras-chave: Depend\u00eancia qu\u00edmica; Ansiedade; Depress\u00e3o.<\/p>\n<p><a style=\"font-size: 16px;\" href=\"http:\/\/revistauniad.uniad.org.br\/wp-content\/uploads\/2015\/12\/6.pdf\" target=\"_blank\">Leia o artigo na \u00edntegra<\/a><\/p>\n<p><a href=\"[Download n\u00e3o encontrado.]\" target=\"_blank\"><img loading=\"lazy\" class=\"alignnone size-full wp-image-14\" src=\"http:\/\/revistauniad.uniad.org.br\/wp-content\/uploads\/2015\/11\/btn-download-pdf1.jpg\" alt=\"btn-download-pdf\" width=\"121\" height=\"36\" \/><\/a><\/p>\n<\/div>\n","protected":false},"excerpt":{"rendered":"<p>Autor: Evelyn Carneiro Resumo Este estudo, do tipo observacional-transversal quantitativo, teve por objetivo descrever o perfil sociodemogr\u00e1fico, bem como investigar a preval\u00eancia de ansiedade e depress\u00e3o dos indiv\u00edduos que buscaram tratamento no Grupo de Apoio ao Dependente Qu\u00edmico, do Grupamento &hellip; <a href=\"https:\/\/revistauniad.uniad.org.br\/?page_id=285\">Continue reading <span class=\"meta-nav\">&rarr;<\/span><\/a><\/p>\n","protected":false},"author":1,"featured_media":0,"parent":0,"menu_order":0,"comment_status":"closed","ping_status":"closed","template":"","meta":[],"_links":{"self":[{"href":"https:\/\/revistauniad.uniad.org.br\/index.php?rest_route=\/wp\/v2\/pages\/285"}],"collection":[{"href":"https:\/\/revistauniad.uniad.org.br\/index.php?rest_route=\/wp\/v2\/pages"}],"about":[{"href":"https:\/\/revistauniad.uniad.org.br\/index.php?rest_route=\/wp\/v2\/types\/page"}],"author":[{"embeddable":true,"href":"https:\/\/revistauniad.uniad.org.br\/index.php?rest_route=\/wp\/v2\/users\/1"}],"replies":[{"embeddable":true,"href":"https:\/\/revistauniad.uniad.org.br\/index.php?rest_route=%2Fwp%2Fv2%2Fcomments&post=285"}],"version-history":[{"count":7,"href":"https:\/\/revistauniad.uniad.org.br\/index.php?rest_route=\/wp\/v2\/pages\/285\/revisions"}],"predecessor-version":[{"id":774,"href":"https:\/\/revistauniad.uniad.org.br\/index.php?rest_route=\/wp\/v2\/pages\/285\/revisions\/774"}],"wp:attachment":[{"href":"https:\/\/revistauniad.uniad.org.br\/index.php?rest_route=%2Fwp%2Fv2%2Fmedia&parent=285"}],"curies":[{"name":"wp","href":"https:\/\/api.w.org\/{rel}","templated":true}]}}